 m is divided by 4.
0
Calculate the remainder when 107 is divided by 340/1530 - (-122)/18.
2
Suppose 36 = -9*l - 0. Calculate the remainder when 15 is divided by ((-15)/(-80))/(1/l)*-20.
0
Let a = 12 + -7. What is the remainder when a is divided by ((-12)/20)/((-2)/10)?
2
Suppose 0 = -9*b + 12*b - 108. Suppose -h - 3*n - n = 6, -4*h + 2*n + 30 = 0. Let u = h + 7. What is the remainder when b is divided by u?
10
Suppose 24 = -5*n - 3*f, -2*n - 5*f + 2 - 4 = 0. Let q = -4 + n. Calculate the remainder when 63 is divided by (8/(-10))/(q/200).
15
Suppose q - 4*v + 13 + 0 = 0, -4*v = -16. Suppose -q*c = -4 + 1, -2*x - 2*c - 2 = 0. Calculate the remainder when x*((-819)/6)/3 is divided by 23.
22
Let j(u) = 35*u - 254. Suppose n + 28 = 5*k - 32, 4*k + 2*n - 34 = 0. Calculate the remainder when j(8) is divided by k.
4
Let w(n) = 11*n**2 - n + 5. What is the remainder when w(4) is divided by 10?
7
Let b = 154 - 84. Suppose -2*l + 4*l - 76 = 3*a, 2*l = -2*a - 34. Let c = 40 + a. What is the remainder when b is divided by c?
16
Let g = -722 + 754. Let h(k) = -8*k + 5. Calculate the remainder when h(-7) is divided by g.
29
Suppose 88*v = 91*v - 204. Calculate the remainder when v is divided by 6.
2
Suppose 68*z = 58*z + 110. What is the remainder when 446 is divided by z?
6
Suppose 0 = 5*x - 400 - 510. Suppose 0 = -z - 473 + x. What is the remainder when 39 is divided by 2/9 - z/27?
6
Let p = -42 + 38. Let h(j) = 2*j**2 - 3*j + 5. What is the remainder when h(p) is divided by 26?
23
Suppose 3*f + v = 79, 2*f - 4*f - v = -54. Suppose 73*a - 75*a = -192. What is the remainder when a is divided by f?
21
Suppose 4*f = 7*f - 51. Suppose 100*o - 2570 - 1730 = 0. Calculate the remainder when o is divided by f.
9
Suppose 2*d - 114 = -4*s, 314 = 11*d - 4*d - 3*s. What is the remainder when 87 is divided by d?
40
Suppose 25 = 4*k + 1. Let x(n) = n**2 - 5*n - 1. What is the remainder when 34 is divided by x(k)?
4
Suppose -s = d + 4*s - 17, 0 = -5*d - 3*s - 25. Let v(h) = -2*h + 21. What is the remainder when v(d) is divided by 8?
5
Let f = 20 - -66. What is the remainder when f is divided by 26?
8
Let p = 29 + -26. Suppose l + 5 = 4*t, -l + p*t = 2*t - 10. Calculate the remainder when 27 is divided by l.
12
Let x be 16/1 - 14/(-7). Let w = 65 - x. Let j = w - 8. What is the remainder when j is divided by 14?
11
Suppose 2*j + 59 = v, 4*v - 134 = 3*j + 92. Calculate the remainder when 151 is divided by v.
41
Let v(l) = 16*l**2 + 7*l + 11. Calculate the remainder when v(15) is divided by 63.
62
Suppose -y + 99 = -27. What is the remainder when y is divided by 64?
62
Suppose 8*q - 5*q + a = 35, 0 = -4*q - 2*a + 50. Suppose -4*b - b + 10 = 0. Suppose -b*d - 84 = -5*d. Calculate the remainder when d is divided by q.
8
Let n be (48/32)/(6/8). What is the remainder when (-2)/(-12)*n + 1225/105 is divided by 7?
5
What is the remainder when 4 + (-1860)/(-6) + -3 is divided by 31?
1
Suppose -143*k + 157*k = 98. Suppose x + 3 = 0, -x = 3*q + 3*x + 48. What is the remainder when (q/10)/(1/(-10)) is divided by k?
5
Let a(f) = 3*f**2 - 3*f - 2. Let m be a(5). Suppose 0 = 2*q - m - 12. Calculate the remainder when q is divided by 12.
11
Suppose -4 = -2*c + 4, 2*w + 8 = 2*c. Suppose 36 = 4*t + 2*m + 2*m, -3*t + m + 7 = w. Let g = -172 - -183. What is the remainder when g is divided by t?
3
Let x = 28 - 16. Let z(i) = i**3 - i**2 - i. Let r(k) = 4*k**3 + 7*k**2 - 8*k - 13. Let f(v) = -r(v) + 5*z(v). What is the remainder when f(x) is divided by 10?
9
Let f(k) = 4*k**2 - 17*k + 10. Let u = 52 - 44. Calculate the remainder when u is divided by f(4).
2
Suppose -3*m + 52 = 4. Let z = -44 - -139. Let v = z + -48. Calculate the remainder when v is divided by m.
15
Suppose 0 = -2*y - 5*h + 59, 0 = y - 0*h - h - 12. Let f be 0/(6 - 5)*(-1)/4. Suppose f = 7*z - 148 - 188. Calculate the remainder when z is divided by y.
14
Suppose 5*w + 37 = m, 0 = -4*m + 3*w + 81 - 18. Suppose -4*b - 3*d = -95, 3*b + 6*d = 5*d + 75. What is the remainder when b is divided by -3 + (2 - m)/(-1)?
5
Let g(q) = 13*q - 31. Let m be g(13). Suppose 2*n - 4*l = 40 + m, 5*n + 4*l = 389. Calculate the remainder when n is divided by 21.
18
Suppose -6*b = -12 - 6. Suppose 193 = b*v + 151. What is the remainder when 40 is divided by v?
12
Let p = -4 - -11. Suppose 5*k - 57 = 78. What is the remainder when k is divided by p?
6
Suppose -1052 = -2*v - q, 3*q + 4077 = 5*v + 1469. Suppose 65*b - v = 61*b. Calculate the remainder when b is divided by 44.
43
Suppose 0*n + 48 = -3*n. Let d be (46/1)/(-3 + 5). Let s = n + d. What is the remainder when 13 is divided by s?
6
Suppose -9*m + 3*r + 54 = -5*m, 5*r + 58 = 4*m. What is the remainder when 490 is divided by m?
10
Let a(q) = 5*q**3 + 2*q**2 - 10*q + 19. What is the remainder when 235 is divided by a(2)?
0
Suppose 4 - 7 = -q. Let y = 3 - 0. Suppose -3*b + y + 15 = 0. Calculate the remainder when b is divided by q.
0
Let b(m) = m**3 - 5*m**2 - 3*m + 3. What is the remainder when b(6) is divided by -2 + -6 + 7*3?
8
Suppose 80 + 577 = 9*i. Calculate the remainder when 579 is divided by i.
68
Suppose q - 2 = 2*x - 10, 2*x + 12 = -4*q. Let u(m) = -2*m**3 - 4*m**2 + 4*m - 1. Calculate the remainder when u(q) is divided by 25.
22
Let d be (-2 - (-194 - 3)) + 0 + 1. Suppose 5*i - 490 = -5*u, -2*i - 5*u = -2*u - d. Calculate the remainder when i is divided by 9.
8
Suppose w + l - 12 = 0, 4*w - 12 = 4*l + l. Let c(u) = -u - 5*u - 3*u + 3*u - w. What is the remainder when 54 is divided by c(-6)?
26
Suppose 0 = m - 10 + 7. Suppose m*x - s - 45 = 0, 3*x - 24 = -3*s + 21. Calculate the remainder when x is divided by 10.
5
Let k(x) = -165*x + 863. What is the remainder when 83 is divided by k(5)?
7
Let x(p) = 2*p**2 - 1. Suppose 4*r + m - 39 = 4*m, -5*m + 15 = 0. What is the remainder when x(-6) is divided by r?
11
Let w be 4/(-7) + 128/224. Suppose w = -26*z + 28*z - 74. Calculate the remainder when z is divided by 13.
11
Suppose 284*y = 312*y - 2744. What is the remainder when y is divided by 9?
8
Let w(h) = h**3 - 6*h**2 - h - 9. Let n be 1*-6*(-2)/4. Suppose -3*v + 51 + n = 0. Calculate the remainder when w(7) is divided by v.
15
Let u = 1638 - 1356. What is the remainder when u is divided by 45?
12
What is the remainder when (-90 + (-30)/(-6))*1*-1 is divided by 24?
13
What is the remainder when (444/(-2))/(29/(-29)) is divided by 60?
42
Let s = -105 + 130. What is the remainder when 169 is divided by s?
19
Suppose -150 = -3*c - 4*g, -3*g + 3 = -4*g. Calculate the remainder when 323 is divided by c.
53
Let r be -315 + 0 + 10/5. Let h = r - -475. Calculate the remainder when h is divided by 11.
8
Let t = 9 + -6. Let z(m) = 7*m**2 + m. Let v be z(1). Suppose 2*s + w + v = 5*s, -6 = 3*w. Calculate the remainder when t is divided by s.
1
Let c be 3*(0 - ((-12)/(-9))/4). Calculate the remainder when 99 is divided by c/3*(-47 - (2 - -2)).
14
Let k be (-112)/(-18) - (-4)/(-18). Let n(j) = 19*j + 17. What is the remainder when n(6) is divided by (k + -50)*6/(-8)?
32
Suppose -38 = -2*f + 1726. Suppose -3*h + 0*h - 2*y + f = 0, -y + 589 = 2*h. Suppose 4*u = -0*u + h. Calculate the remainder when u is divided by 19.
17
Suppose -71*u + 75*u - 2008 = 0. Calculate the remainder when u is divided by 28.
26
Let i(p) = -2*p - 14 + 0*p**2 + 4 + 0*p**2 + p**2. What is the remainder when 96 is divided by i(-5)?
21
Suppose m - 15 - 46 = 0. Let i = -401 + 420. What is the remainder when m is divided by i?
4
Let z(f) = 17*f - 20. Suppose 0 = -t - 1 + 6. What is the remainder when z(t) is divided by 23?
19
Let d = -1122 + 1376. Calculate the remainder when d is divided by 14.
2
Suppose 3*i = -81 - 69. Let y = 103 + i. Calculate the remainder when y is divided by 14.
11
Suppose d - 25 = -0*d. What is the remainder when (4/(-10)*-6)/(25/1000) is divided by d?
21
Let u(i) = i**3 + 5*i**2 + 2*i + 1. Let r be u(-3). Let t = r + -7. Let f(g) = g**3 - 6*g**2 + 2*g - 3. Calculate the remainder when f(t) is divided by 6.
3
Suppose 4*n = 3*h - 49, 5*n = 4*h - 39 - 25. Let t(g) = -h - 18*g - 17*g - 5 + 18*g - g**2. Calculate the remainder when t(-14) is divided by 14.
12
Let r(d) = 32*d**2 - 19*d + 1. Let t be r(3). Suppose -t = -9*y + y. Calculate the remainder when 86 is divided by y.
28
Let r be -1 + 4/12 + (-2)/(